[INFO] fetching crate ethcontract 0.7.2...
[INFO] checking ethcontract-0.7.2 against master#cfbc6d4cf1acbac5c025acf8ed68929caa551df3 for pr-75494-beta
[INFO] extracting crate ethcontract 0.7.2 into /workspace/builds/worker-5/source
[INFO] validating manifest of crates.io crate ethcontract 0.7.2 on toolchain cfbc6d4cf1acbac5c025acf8ed68929caa551df3
[INFO] running `Command { std: "/workspace/cargo-home/bin/cargo" "+cfbc6d4cf1acbac5c025acf8ed68929caa551df3" "read-manifest" "--manifest-path" "Cargo.toml", kill_on_drop: false }`
[INFO] started tweaking crates.io crate ethcontract 0.7.2
[INFO] finished tweaking crates.io crate ethcontract 0.7.2
[INFO] tweaked toml for crates.io crate ethcontract 0.7.2 written to /workspace/builds/worker-5/source/Cargo.toml
[INFO] crate crates.io crate ethcontract 0.7.2 already has a lockfile, it will not be regenerated
[INFO] running `Command { std: "/workspace/cargo-home/bin/cargo" "+cfbc6d4cf1acbac5c025acf8ed68929caa551df3" "fetch" "--locked" "--manifest-path" "Cargo.toml", kill_on_drop: false }`
[INFO] [stderr]  Downloading crates ...
[INFO] [stderr]   Downloaded futures-macro v0.3.4
[INFO] [stderr]   Downloaded security-framework-sys v0.4.2
[INFO] [stderr]   Downloaded parking_lot_core v0.7.1
[INFO] [stderr]   Downloaded security-framework v0.4.2
[INFO] [stderr]   Downloaded futures v0.3.4
[INFO] [stderr]   Downloaded impl-serde v0.3.0
[INFO] [stderr]   Downloaded thiserror-impl v1.0.15
[INFO] [stderr]   Downloaded curl v0.4.28
[INFO] [stderr]   Downloaded openssl-sys v0.9.55
[INFO] [stderr]   Downloaded primitive-types v0.7.0
[INFO] [stderr]   Downloaded libc v0.2.69
[INFO] [stderr]   Downloaded ethereum-types v0.9.1
[INFO] [stderr]   Downloaded thiserror v1.0.15
[INFO] [stderr]   Downloaded derive_more v0.99.5
[INFO] [stderr]   Downloaded uint v0.8.2
[INFO] [stderr]   Downloaded parity-scale-codec v1.3.0
[INFO] [stderr]   Downloaded curl-sys v0.4.30+curl-7.69.1
[INFO] [stderr]   Downloaded anyhow v1.0.28
[INFO] [stderr]   Downloaded schannel v0.1.18
[INFO] [stderr]   Downloaded ethcontract-derive v0.7.2
[INFO] [stderr]   Downloaded jsonrpc-core v14.1.0
[INFO] [stderr]   Downloaded hermit-abi v0.1.11
[INFO] [stderr]   Downloaded smallvec v1.3.0
[INFO] [stderr]   Downloaded ethbloom v0.9.1
[INFO] [stderr]   Downloaded futures-executor v0.3.4
[INFO] [stderr]   Downloaded tokio-uds v0.2.6
[INFO] [stderr]   Downloaded indexmap v1.3.2
[INFO] running `Command { std: "docker" "create" "-v" "/var/lib/crater-agent-workspace/builds/worker-5/target:/opt/rustwide/target:rw,Z" "-v" "/var/lib/crater-agent-workspace/builds/worker-5/source:/opt/rustwide/workdir:ro,Z" "-v" "/var/lib/crater-agent-workspace/cargo-home:/opt/rustwide/cargo-home:ro,Z" "-v" "/var/lib/crater-agent-workspace/rustup-home:/opt/rustwide/rustup-home:ro,Z" "-e" "SOURCE_DIR=/opt/rustwide/workdir" "-e" "CARGO_TARGET_DIR=/opt/rustwide/target" "-e" "CARGO_HOME=/opt/rustwide/cargo-home" "-e" "RUSTUP_HOME=/opt/rustwide/rustup-home" "-w" "/opt/rustwide/workdir" "-m" "1610612736" "--user" "0:0" "--network" "none" "rustops/crates-build-env@sha256:a636fd89d022f18117e1dc8fb37a0a009933cdbbe082814857f0e2024962d47c" "/opt/rustwide/cargo-home/bin/cargo" "+cfbc6d4cf1acbac5c025acf8ed68929caa551df3" "metadata" "--no-deps" "--format-version=1", kill_on_drop: false }`
[INFO] [stderr] WARNING: Your kernel does not support swap limit capabilities or the cgroup is not mounted. Memory limited without swap.
[INFO] [stdout] 6554e10523eb9f31a498ef817675bab3216ef5aa788f4c76bdc25c0967825d34
[INFO] running `Command { std: "docker" "start" "-a" "6554e10523eb9f31a498ef817675bab3216ef5aa788f4c76bdc25c0967825d34", kill_on_drop: false }`
[INFO] running `Command { std: "docker" "inspect" "6554e10523eb9f31a498ef817675bab3216ef5aa788f4c76bdc25c0967825d34", kill_on_drop: false }`
[INFO] running `Command { std: "docker" "rm" "-f" "6554e10523eb9f31a498ef817675bab3216ef5aa788f4c76bdc25c0967825d34", kill_on_drop: false }`
[INFO] [stdout] 6554e10523eb9f31a498ef817675bab3216ef5aa788f4c76bdc25c0967825d34
[INFO] running `Command { std: "docker" "create" "-v" "/var/lib/crater-agent-workspace/builds/worker-5/target:/opt/rustwide/target:rw,Z" "-v" "/var/lib/crater-agent-workspace/builds/worker-5/source:/opt/rustwide/workdir:ro,Z" "-v" "/var/lib/crater-agent-workspace/cargo-home:/opt/rustwide/cargo-home:ro,Z" "-v" "/var/lib/crater-agent-workspace/rustup-home:/opt/rustwide/rustup-home:ro,Z" "-e" "SOURCE_DIR=/opt/rustwide/workdir" "-e" "CARGO_TARGET_DIR=/opt/rustwide/target" "-e" "CARGO_INCREMENTAL=0" "-e" "RUST_BACKTRACE=full" "-e" "RUSTFLAGS=--cap-lints=forbid" "-e" "CARGO_HOME=/opt/rustwide/cargo-home" "-e" "RUSTUP_HOME=/opt/rustwide/rustup-home" "-w" "/opt/rustwide/workdir" "-m" "1610612736" "--user" "0:0" "--network" "none" "rustops/crates-build-env@sha256:a636fd89d022f18117e1dc8fb37a0a009933cdbbe082814857f0e2024962d47c" "/opt/rustwide/cargo-home/bin/cargo" "+cfbc6d4cf1acbac5c025acf8ed68929caa551df3" "check" "--frozen" "--all" "--all-targets" "--message-format=json", kill_on_drop: false }`
[INFO] [stderr] WARNING: Your kernel does not support swap limit capabilities or the cgroup is not mounted. Memory limited without swap.
[INFO] [stdout] dd6cd25787ab181696a6937f6d2714c57b53516f4eea1798a533c74d6b7dc264
[INFO] running `Command { std: "docker" "start" "-a" "dd6cd25787ab181696a6937f6d2714c57b53516f4eea1798a533c74d6b7dc264", kill_on_drop: false }`
[INFO] [stderr]    Compiling libc v0.2.69
[INFO] [stderr]    Compiling syn v1.0.17
[INFO] [stderr]    Compiling either v1.5.3
[INFO] [stderr]    Compiling futures v0.1.29
[INFO] [stderr]    Compiling scopeguard v1.1.0
[INFO] [stderr]    Compiling rustc-hex v2.1.0
[INFO] [stderr]    Compiling ppv-lite86 v0.2.6
[INFO] [stderr]    Compiling static_assertions v1.1.0
[INFO] [stderr]    Compiling radium v0.3.0
[INFO] [stderr]    Compiling itoa v0.4.5
[INFO] [stderr]    Compiling smallvec v1.3.0
[INFO] [stderr]    Compiling byte-slice-cast v0.3.5
[INFO] [stderr]    Compiling arrayvec v0.5.1
[INFO] [stderr]    Compiling try-lock v0.2.2
[INFO] [stderr]    Compiling safemem v0.3.3
[INFO] [stderr]    Compiling scoped-tls v0.1.2
[INFO] [stderr]    Compiling percent-encoding v1.0.1
[INFO] [stderr]    Compiling language-tags v0.2.2
[INFO] [stderr]    Compiling traitobject v0.1.0
[INFO] [stderr]    Compiling typeable v0.1.2
[INFO] [stderr]    Compiling slab v0.3.0
[INFO] [stderr]    Compiling sha1 v0.6.0
[INFO] [stderr]    Compiling proc-macro-nested v0.1.4
[INFO] [stderr]    Compiling proc-macro-hack v0.5.15
[INFO] [stderr]    Compiling base64 v0.11.0
[INFO] [stderr]     Checking futures-core v0.3.4
[INFO] [stderr]    Compiling curl v0.4.28
[INFO] [stderr]    Compiling regex-syntax v0.6.17
[INFO] [stderr]     Checking futures-sink v0.3.4
[INFO] [stderr]    Compiling anyhow v1.0.28
[INFO] [stderr]     Checking bitflags v0.9.1
[INFO] [stderr]    Compiling crossbeam-utils v0.7.2
[INFO] [stderr]    Compiling memoffset v0.5.4
[INFO] [stderr]    Compiling crossbeam-epoch v0.8.2
[INFO] [stderr]    Compiling openssl-sys v0.9.55
[INFO] [stderr]    Compiling libz-sys v1.0.25
[INFO] [stderr]    Compiling curl-sys v0.4.30+curl-7.69.1
[INFO] [stderr]     Checking tokio-sync v0.1.8
[INFO] [stderr]    Compiling unicase v1.4.2
[INFO] [stderr]    Compiling error-chain v0.12.2
[INFO] [stderr]     Checking bitvec v0.17.4
[INFO] [stderr]    Compiling rand_core v0.3.1
[INFO] [stderr]    Compiling lock_api v0.3.4
[INFO] [stderr]    Compiling rlp v0.4.5
[INFO] [stderr]    Compiling unicode-normalization v0.1.12
[INFO] [stderr]     Checking futures-channel v0.3.4
[INFO] [stderr]    Compiling byteorder v1.3.4
[INFO] [stderr]    Compiling log v0.4.8
[INFO] [stderr]    Compiling maybe-uninit v2.0.0
[INFO] [stderr]     Checking tokio-timer v0.1.2
[INFO] [stderr]    Compiling crunchy v0.2.2
[INFO] [stderr]    Compiling httparse v1.3.4
[INFO] [stderr]    Compiling ryu v1.0.3
[INFO] [stderr]     Checking idna v0.1.5
[INFO] [stderr]     Checking idna v0.2.0
[INFO] [stderr]    Compiling impl-rlp v0.2.1
[INFO] [stderr]     Checking smallvec v0.6.13
[INFO] [stderr]    Compiling indexmap v1.3.2
[INFO] [stderr]     Checking uint v0.8.2
[INFO] [stderr]    Compiling log v0.3.9
[INFO] [stderr]    Compiling tiny-keccak v1.5.0
[INFO] [stderr]    Compiling tiny-keccak v2.0.2
[INFO] [stderr]     Checking want v0.2.0
[INFO] [stderr]    Compiling base64 v0.9.3
[INFO] [stderr]    Compiling aho-corasick v0.7.10
[INFO] [stderr]    Compiling mime v0.2.6
[INFO] [stderr]     Checking url v1.7.2
[INFO] [stderr]     Checking url v2.1.1
[INFO] [stderr]     Checking iovec v0.1.4
[INFO] [stderr]     Checking num_cpus v1.13.0
[INFO] [stderr]     Checking getrandom v0.1.14
[INFO] [stderr]     Checking net2 v0.2.33
[INFO] [stderr]     Checking time v0.1.42
[INFO] [stderr]     Checking rand v0.5.6
[INFO] [stderr]     Checking parking_lot_core v0.7.1
[INFO] [stderr]    Compiling socket2 v0.3.12
[INFO] [stderr]    Compiling openssl v0.10.29
[INFO] [stderr]    Compiling native-tls v0.2.4
[INFO] [stderr]    Compiling parking_lot_core v0.6.2
[INFO] [stderr]     Checking tokio-executor v0.1.10
[INFO] [stderr]     Checking crossbeam-queue v0.2.1
[INFO] [stderr]     Checking bytes v0.4.12
[INFO] [stderr]     Checking futures-cpupool v0.1.8
[INFO] [stderr]     Checking mio v0.6.21
[INFO] [stderr]     Checking rand_core v0.5.1
[INFO] [stderr]     Checking hyper v0.10.16
[INFO] [stderr]     Checking parking_lot v0.10.2
[INFO] [stderr]    Compiling regex v1.3.6
[INFO] [stderr]    Compiling parking_lot v0.9.0
[INFO] [stderr]     Checking tokio-timer v0.2.13
[INFO] [stderr]     Checking tokio-current-thread v0.1.7
[INFO] [stderr]     Checking crossbeam-deque v0.7.3
[INFO] [stderr]    Compiling rand_chacha v0.2.2
[INFO] [stderr]     Checking tokio-io v0.1.13
[INFO] [stderr]     Checking http v0.1.21
[INFO] [stderr]     Checking string v0.2.1
[INFO] [stderr]     Checking tokio-buf v0.1.1
[INFO] [stderr]     Checking mio-uds v0.6.7
[INFO] [stderr]     Checking tokio-threadpool v0.1.18
[INFO] [stderr]    Compiling Inflector v0.11.4
[INFO] [stderr]    Compiling rand v0.7.3
[INFO] [stderr]     Checking tokio-reactor v0.1.12
[INFO] [stderr]     Checking tokio-codec v0.1.2
[INFO] [stderr]     Checking tokio-fs v0.1.7
[INFO] [stderr]     Checking tokio-tcp v0.1.4
[INFO] [stderr]     Checking tokio-uds v0.2.6
[INFO] [stderr]     Checking tokio-udp v0.1.6
[INFO] [stderr]     Checking tokio v0.1.22
[INFO] [stderr]     Checking fixed-hash v0.5.2
[INFO] [stderr]     Checking fixed-hash v0.6.1
[INFO] [stderr]     Checking h2 v0.1.26
[INFO] [stderr]     Checking http-body v0.1.0
[INFO] [stderr]     Checking tokio-tls v0.2.1
[INFO] [stderr]     Checking tokio-core v0.1.17
[INFO] [stderr]     Checking websocket v0.21.1
[INFO] [stderr]     Checking tokio-uds v0.1.7
[INFO] [stderr]     Checking hyper v0.12.35
[INFO] [stderr]    Compiling serde_derive v1.0.106
[INFO] [stderr]    Compiling derive_more v0.99.5
[INFO] [stderr]    Compiling thiserror-impl v1.0.15
[INFO] [stderr]    Compiling futures-macro v0.3.4
[INFO] [stderr]    Compiling pin-project-internal v0.4.9
[INFO] [stderr]     Checking hyper-tls v0.3.2
[INFO] [stderr]     Checking futures-util v0.3.4
[INFO] [stderr]    Compiling thiserror v1.0.15
[INFO] [stderr]     Checking pin-project v0.4.9
[INFO] [stderr]     Checking futures-executor v0.3.4
[INFO] [stderr]     Checking futures v0.3.4
[INFO] [stderr]    Compiling serde v1.0.106
[INFO] [stderr]     Checking parity-scale-codec v1.3.0
[INFO] [stderr]     Checking impl-serde v0.3.0
[INFO] [stderr]     Checking serde_json v1.0.51
[INFO] [stderr]     Checking impl-serde v0.2.3
[INFO] [stderr]     Checking ethbloom v0.9.1
[INFO] [stderr]     Checking ethbloom v0.8.1
[INFO] [stderr]     Checking jsonrpc-core v14.1.0
[INFO] [stderr]     Checking impl-codec v0.4.2
[INFO] [stderr]     Checking primitive-types v0.6.2
[INFO] [stderr]     Checking primitive-types v0.7.0
[INFO] [stderr]     Checking ethereum-types v0.8.0
[INFO] [stderr]     Checking ethereum-types v0.9.1
[INFO] [stderr]     Checking ethabi v9.0.1
[INFO] [stderr]     Checking ethabi v12.0.0
[INFO] [stderr]     Checking web3 v0.10.0
[INFO] [stderr]     Checking ethcontract-common v0.7.2
[INFO] [stderr]    Compiling ethcontract-generate v0.7.2
[INFO] [stderr]    Compiling ethcontract-derive v0.7.2
[INFO] [stderr]     Checking ethcontract v0.7.2 (/opt/rustwide/workdir)
[INFO] [stdout] error: failed to get artifact JSON
[INFO] [stdout] 
[INFO] [stdout] Caused by:
[INFO] [stdout]     0: failed to read artifact JSON file
[INFO] [stdout]     1: No such file or directory (os error 2)
[INFO] [stdout]  --> examples/events.rs:6:24
[INFO] [stdout]   |
[INFO] [stdout] 6 | ethcontract::contract!("examples/truffle/build/contracts/RustCoin.json");
[INFO] [stdout]   |                        ^^^^^^^^^^^^^^^^^^^^^^^^^^^^^^^^^^^^^^^^^^^^^^^^
[INFO] [stdout] 
[INFO] [stdout] 
[INFO] [stdout] error[E0433]: failed to resolve: use of undeclared type or module `RustCoin`
[INFO] [stdout]   --> examples/events.rs:24:20
[INFO] [stdout]    |
[INFO] [stdout] 24 |     let instance = RustCoin::builder(&web3)
[INFO] [stdout]    |                    ^^^^^^^^ use of undeclared type or module `RustCoin`
[INFO] [stdout] 
[INFO] [stdout] 
[INFO] [stdout] error: failed to get artifact JSON
[INFO] [stdout] 
[INFO] [stdout] Caused by:
[INFO] [stdout]     0: failed to read artifact JSON file
[INFO] [stdout]     1: No such file or directory (os error 2)
[INFO] [stdout]  --> examples/deployments.rs:5:5
[INFO] [stdout]   |
[INFO] [stdout] 5 |     "examples/truffle/build/contracts/RustCoin.json",
[INFO] [stdout]   |     ^^^^^^^^^^^^^^^^^^^^^^^^^^^^^^^^^^^^^^^^^^^^^^^^
[INFO] [stdout] 
[INFO] [stdout] 
[INFO] [stdout] error: failed to get artifact JSON
[INFO] [stdout] 
[INFO] [stdout] Caused by:
[INFO] [stdout]     0: failed to retrieve JSON from for npm package @gnosis.pm/owl-token@3.1.0/build/contracts/TokenOWLProxy.json
[INFO] [stdout]     1: [6] Couldn't resolve host name
[INFO] [stdout]  --> examples/past_events.rs:4:24
[INFO] [stdout]   |
[INFO] [stdout] 4 | ethcontract::contract!("npm:@gnosis.pm/owl-token@3.1.0/build/contracts/TokenOWLProxy.json");
[INFO] [stdout]   |                        ^^^^^^^^^^^^^^^^^^^^^^^^^^^^^^^^^^^^^^^^^^^^^^^^^^^^^^^^^^^^^^^^^^^
[INFO] [stdout] 
[INFO] [stdout] 
[INFO] [stdout] error: failed to get artifact JSON
[INFO] [stdout] 
[INFO] [stdout] Caused by:
[INFO] [stdout]     0: failed to retrieve JSON from for npm package @gnosis.pm/owl-token@3.1.0/build/contracts/TokenOWL.json
[INFO] [stdout]     1: [6] Couldn't resolve host name
[INFO] [stdout]  --> examples/past_events.rs:5:24
[INFO] [stdout]   |
[INFO] [stdout] 5 | ethcontract::contract!("npm:@gnosis.pm/owl-token@3.1.0/build/contracts/TokenOWL.json");
[INFO] [stdout]   |                        ^^^^^^^^^^^^^^^^^^^^^^^^^^^^^^^^^^^^^^^^^^^^^^^^^^^^^^^^^^^^^^
[INFO] [stdout] 
[INFO] [stdout] 
[INFO] [stdout] error: failed to get artifact JSON
[INFO] [stdout] 
[INFO] [stdout] Caused by:
[INFO] [stdout]     0: failed to retrieve ABI from Etherscan.io
[INFO] [stdout]     1: [6] Couldn't resolve host name
[INFO] [stdout]  --> examples/sources.rs:5:5
[INFO] [stdout]   |
[INFO] [stdout] 5 |     "etherscan:0x60fbbd1fb0076971e8060631b5dd895f55ad5ab7",
[INFO] [stdout]   |     ^^^^^^^^^^^^^^^^^^^^^^^^^^^^^^^^^^^^^^^^^^^^^^^^^^^^^^
[INFO] [stdout] 
[INFO] [stdout] 
[INFO] [stdout] error: failed to get artifact JSON
[INFO] [stdout] 
[INFO] [stdout] Caused by:
[INFO] [stdout]     0: failed to retrieve JSON from for npm package @gnosis.pm/owl-token@3.1.0/build/contracts/TokenOWL.json
[INFO] [stdout]     1: [6] Couldn't resolve host name
[INFO] [stdout]  --> examples/sources.rs:8:24
[INFO] [stdout]   |
[INFO] [stdout] 8 | ethcontract::contract!("npm:@gnosis.pm/owl-token@3.1.0/build/contracts/TokenOWL.json");
[INFO] [stdout]   |                        ^^^^^^^^^^^^^^^^^^^^^^^^^^^^^^^^^^^^^^^^^^^^^^^^^^^^^^^^^^^^^^
[INFO] [stdout] 
[INFO] [stdout] 
[INFO] [stdout] error: failed to get artifact JSON
[INFO] [stdout] 
[INFO] [stdout] Caused by:
[INFO] [stdout]     0: failed to read artifact JSON file
[INFO] [stdout]     1: No such file or directory (os error 2)
[INFO] [stdout]  --> examples/async.rs:5:24
[INFO] [stdout]   |
[INFO] [stdout] 5 | ethcontract::contract!("examples/truffle/build/contracts/RustCoin.json");
[INFO] [stdout]   |                        ^^^^^^^^^^^^^^^^^^^^^^^^^^^^^^^^^^^^^^^^^^^^^^^^
[INFO] [stdout] 
[INFO] [stdout] 
[INFO] [stdout] error[E0433]: failed to resolve: use of undeclared type or module `RustCoin`
[INFO] [stdout]   --> examples/deployments.rs:26:20
[INFO] [stdout]    |
[INFO] [stdout] 26 |     let instance = RustCoin::deployed(&web3)
[INFO] [stdout]    |                    ^^^^^^^^ use of undeclared type or module `RustCoin`
[INFO] [stdout] 
[INFO] [stdout] 
[INFO] [stdout] error: failed to get artifact JSON
[INFO] [stdout] 
[INFO] [stdout] Caused by:
[INFO] [stdout]     0: failed to read artifact JSON file
[INFO] [stdout]     1: No such file or directory (os error 2)
[INFO] [stdout]  --> examples/rinkeby.rs:5:24
[INFO] [stdout]   |
[INFO] [stdout] 5 | ethcontract::contract!("examples/truffle/build/contracts/DeployedContract.json");
[INFO] [stdout]   |                        ^^^^^^^^^^^^^^^^^^^^^^^^^^^^^^^^^^^^^^^^^^^^^^^^^^^^^^^^
[INFO] [stdout] 
[INFO] [stdout] 
[INFO] [stdout] error: failed to get artifact JSON
[INFO] [stdout] 
[INFO] [stdout] Caused by:
[INFO] [stdout]     0: failed to read artifact JSON file
[INFO] [stdout]     1: No such file or directory (os error 2)
[INFO] [stdout]  --> examples/overloaded.rs:4:5
[INFO] [stdout]   |
[INFO] [stdout] 4 |     "examples/truffle/build/contracts/OverloadedMethods.json",
[INFO] [stdout]   |     ^^^^^^^^^^^^^^^^^^^^^^^^^^^^^^^^^^^^^^^^^^^^^^^^^^^^^^^^^
[INFO] [stdout] 
[INFO] [stdout] 
[INFO] [stdout] error[E0433]: failed to resolve: use of undeclared type or module `TokenOWLProxy`
[INFO] [stdout]   --> examples/past_events.rs:21:21
[INFO] [stdout]    |
[INFO] [stdout] 21 |     let owl_proxy = TokenOWLProxy::deployed(&web3)
[INFO] [stdout]    |                     ^^^^^^^^^^^^^ use of undeclared type or module `TokenOWLProxy`
[INFO] [stdout] 
[INFO] [stdout] 
[INFO] [stdout] error: failed to get artifact JSON
[INFO] [stdout] 
[INFO] [stdout] Caused by:
[INFO] [stdout]     0: failed to read artifact JSON file
[INFO] [stdout]     1: No such file or directory (os error 2)
[INFO] [stdout]  --> examples/linked.rs:3:24
[INFO] [stdout]   |
[INFO] [stdout] 3 | ethcontract::contract!("examples/truffle/build/contracts/SimpleLibrary.json");
[INFO] [stdout]   |                        ^^^^^^^^^^^^^^^^^^^^^^^^^^^^^^^^^^^^^^^^^^^^^^^^^^^^^
[INFO] [stdout] 
[INFO] [stdout] 
[INFO] [stdout] error: failed to get artifact JSON
[INFO] [stdout] 
[INFO] [stdout] Caused by:
[INFO] [stdout]     0: failed to read artifact JSON file
[INFO] [stdout]     1: No such file or directory (os error 2)
[INFO] [stdout]  --> examples/linked.rs:4:24
[INFO] [stdout]   |
[INFO] [stdout] 4 | ethcontract::contract!("examples/truffle/build/contracts/LinkedContract.json");
[INFO] [stdout]   |                        ^^^^^^^^^^^^^^^^^^^^^^^^^^^^^^^^^^^^^^^^^^^^^^^^^^^^^^
[INFO] [stdout] 
[INFO] [stdout] 
[INFO] [stdout] error: failed to get artifact JSON
[INFO] [stdout] 
[INFO] [stdout] Caused by:
[INFO] [stdout]     0: failed to read artifact JSON file
[INFO] [stdout]     1: No such file or directory (os error 2)
[INFO] [stdout]  --> examples/abi.rs:4:24
[INFO] [stdout]   |
[INFO] [stdout] 4 | ethcontract::contract!("examples/truffle/build/contracts/AbiTypes.json");
[INFO] [stdout]   |                        ^^^^^^^^^^^^^^^^^^^^^^^^^^^^^^^^^^^^^^^^^^^^^^^^
[INFO] [stdout] 
[INFO] [stdout] 
[INFO] [stdout] error[E0433]: failed to resolve: use of undeclared type or module `TokenOWL`
[INFO] [stdout]   --> examples/past_events.rs:27:9
[INFO] [stdout]    |
[INFO] [stdout] 27 |         TokenOWL::with_transaction(&web3, owl_proxy.address(), owl_proxy.transaction_hash());
[INFO] [stdout]    |         ^^^^^^^^ use of undeclared type or module `TokenOWL`
[INFO] [stdout] 
[INFO] [stdout] 
[INFO] [stdout] error[E0433]: failed to resolve: use of undeclared type or module `RustCoin`
[INFO] [stdout]   --> examples/async.rs:23:20
[INFO] [stdout]    |
[INFO] [stdout] 23 |     let instance = RustCoin::builder(&web3)
[INFO] [stdout]    |                    ^^^^^^^^ use of undeclared type or module `RustCoin`
[INFO] [stdout] 
[INFO] [stdout] 
[INFO] [stdout] error[E0698]: type inside `async` block must be known in this context
[INFO] [stdout]   --> examples/events.rs:38:40
[INFO] [stdout]    |
[INFO] [stdout] 38 |                 .transfer(accounts[1], 1_000_000.into())
[INFO] [stdout]    |                                        ^^^^^^^^^ cannot infer type for type `{integer}`
[INFO] [stdout]    |
[INFO] [stdout] note: the type is part of the `async` block because of this `await`
[INFO] [stdout]   --> examples/events.rs:37:13
[INFO] [stdout]    |
[INFO] [stdout] 37 | /             instance
[INFO] [stdout] 38 | |                 .transfer(accounts[1], 1_000_000.into())
[INFO] [stdout] 39 | |                 .send()
[INFO] [stdout] 40 | |                 .await
[INFO] [stdout]    | |______________________^
[INFO] [stdout]    = note: this error originates in a macro (in Nightly builds, run with -Z macro-backtrace for more info)
[INFO] [stdout] 
[INFO] [stdout] 
[INFO] [stdout] error[E0698]: type inside `async fn` body must be known in this context
[INFO] [stdout]   --> examples/events.rs:25:14
[INFO] [stdout]    |
[INFO] [stdout] 25 |         .gas(4_712_388.into())
[INFO] [stdout]    |              ^^^^^^^^^ cannot infer type for type `{integer}`
[INFO] [stdout]    |
[INFO] [stdout] note: the type is part of the `async fn` body because of this `await`
[INFO] [stdout]   --> examples/events.rs:24:20
[INFO] [stdout]    |
[INFO] [stdout] 24 |       let instance = RustCoin::builder(&web3)
[INFO] [stdout]    |  ____________________^
[INFO] [stdout] 25 | |         .gas(4_712_388.into())
[INFO] [stdout] 26 | |         .deploy()
[INFO] [stdout] 27 | |         .await
[INFO] [stdout]    | |______________^
[INFO] [stdout] 
[INFO] [stdout] 
[INFO] [stdout] error[E0433]: failed to resolve: use of undeclared type or module `Owl`
[INFO] [stdout]   --> examples/sources.rs:24:20
[INFO] [stdout]    |
[INFO] [stdout] 24 |     let instance = Owl::deployed(&web3)
[INFO] [stdout]    |                    ^^^ use of undeclared type or module `Owl`
[INFO] [stdout] 
[INFO] [stdout] 
[INFO] [stdout] error[E0412]: cannot find type `RustCoin` in this scope
[INFO] [stdout]   --> examples/async.rs:94:38
[INFO] [stdout]    |
[INFO] [stdout] 94 | async fn print_balance_of(instance: &RustCoin, account: Address) {
[INFO] [stdout]    |                                      ^^^^^^^^ not found in this scope
[INFO] [stdout] 
[INFO] [stdout] 
[INFO] [stdout] error[E0433]: failed to resolve: use of undeclared type or module `TokenOWL`
[INFO] [stdout]   --> examples/sources.rs:31:20
[INFO] [stdout]    |
[INFO] [stdout] 31 |     let instance = TokenOWL::deployed(&web3)
[INFO] [stdout]    |                    ^^^^^^^^ use of undeclared type or module `TokenOWL`
[INFO] [stdout] 
[INFO] [stdout] 
[INFO] [stdout] warning: unused import: `futures::stream::StreamExt`
[INFO] [stdout]  --> examples/events.rs:4:5
[INFO] [stdout]   |
[INFO] [stdout] 4 | use futures::stream::StreamExt;
[INFO] [stdout]   |     ^^^^^^^^^^^^^^^^^^^^^^^^^^
[INFO] [stdout]   |
[INFO] [stdout]   = note: `#[warn(unused_imports)]` on by default
[INFO] [stdout] 
[INFO] [stdout] 
[INFO] [stdout] error[E0433]: failed to resolve: use of undeclared type or module `OverloadedMethods`
[INFO] [stdout]   --> examples/overloaded.rs:19:20
[INFO] [stdout]    |
[INFO] [stdout] 19 |     let instance = OverloadedMethods::builder(&web3)
[INFO] [stdout]    |                    ^^^^^^^^^^^^^^^^^ use of undeclared type or module `OverloadedMethods`
[INFO] [stdout] 
[INFO] [stdout] 
[INFO] [stdout] error[E0433]: failed to resolve: use of undeclared type or module `SimpleLibrary`
[INFO] [stdout]   --> examples/linked.rs:15:19
[INFO] [stdout]    |
[INFO] [stdout] 15 |     let library = SimpleLibrary::builder(&web3)
[INFO] [stdout]    |                   ^^^^^^^^^^^^^ use of undeclared type or module `SimpleLibrary`
[INFO] [stdout] 
[INFO] [stdout] 
[INFO] [stdout] error: aborting due to 4 previous errors; 1 warning emitted
[INFO] [stdout] 
[INFO] [stdout] 
[INFO] [stdout] Some errors have detailed explanations: E0433, E0698.
[INFO] [stdout] 
[INFO] [stdout] For more information about an error, try `rustc --explain E0433`.
[INFO] [stdout] 
[INFO] [stdout] error[E0433]: failed to resolve: use of undeclared type or module `LinkedContract`
[INFO] [stdout]   --> examples/linked.rs:20:20
[INFO] [stdout]    |
[INFO] [stdout] 20 |     let instance = LinkedContract::builder(
[INFO] [stdout]    |                    ^^^^^^^^^^^^^^ use of undeclared type or module `LinkedContract`
[INFO] [stdout] 
[INFO] [stdout] 
[INFO] [stdout] error[E0433]: failed to resolve: use of undeclared type or module `DeployedContract`
[INFO] [stdout]   --> examples/rinkeby.rs:34:28
[INFO] [stdout]    |
[INFO] [stdout] 34 |         let mut instance = DeployedContract::deployed(&web3)
[INFO] [stdout]    |                            ^^^^^^^^^^^^^^^^ use of undeclared type or module `DeployedContract`
[INFO] [stdout] 
[INFO] [stdout] 
[INFO] [stdout] error[E0433]: failed to resolve: use of undeclared type or module `linked_contract`
[INFO] [stdout]   --> examples/linked.rs:22:9
[INFO] [stdout]    |
[INFO] [stdout] 22 |         linked_contract::Libraries {
[INFO] [stdout]    |         ^^^^^^^^^^^^^^^ use of undeclared type or module `linked_contract`
[INFO] [stdout] 
[INFO] [stdout] 
[INFO] [stdout] error[E0433]: failed to resolve: use of undeclared type or module `AbiTypes`
[INFO] [stdout]   --> examples/abi.rs:15:20
[INFO] [stdout]    |
[INFO] [stdout] 15 |     let instance = AbiTypes::builder(&web3)
[INFO] [stdout]    |                    ^^^^^^^^ use of undeclared type or module `AbiTypes`
[INFO] [stdout] 
[INFO] [stdout] 
[INFO] [stderr] error: could not compile `ethcontract`.
[INFO] [stderr] 
[INFO] [stderr] To learn more, run the command again with --verbose.
[INFO] [stderr] warning: build failed, waiting for other jobs to finish...
[INFO] [stdout] error[E0433]: failed to resolve: use of undeclared type or module `abi_types`
[INFO] [stdout]    --> examples/abi.rs:107:16
[INFO] [stdout]     |
[INFO] [stdout] 107 |         if let abi_types::Event::Values(data) = event.inner_data() {
[INFO] [stdout]     |                ^^^^^^^^^ use of undeclared type or module `abi_types`
[INFO] [stdout] 
[INFO] [stdout] 
[INFO] [stdout] error[E0412]: cannot find type `AbiTypes` in this scope
[INFO] [stdout]   --> examples/abi.rs:26:27
[INFO] [stdout]    |
[INFO] [stdout] 26 | async fn calls(instance: &AbiTypes) {
[INFO] [stdout]    |                           ^^^^^^^^ not found in this scope
[INFO] [stdout] 
[INFO] [stdout] 
[INFO] [stdout] error[E0412]: cannot find type `AbiTypes` in this scope
[INFO] [stdout]   --> examples/abi.rs:69:28
[INFO] [stdout]    |
[INFO] [stdout] 69 | async fn events(instance: &AbiTypes) {
[INFO] [stdout]    |                            ^^^^^^^^ not found in this scope
[INFO] [stdout] 
[INFO] [stdout] 
[INFO] [stdout] error: aborting due to 2 previous errors
[INFO] [stdout] 
[INFO] [stdout] 
[INFO] [stdout] For more information about this error, try `rustc --explain E0433`.
[INFO] [stdout] 
[INFO] [stdout] error: aborting due to 4 previous errors
[INFO] [stdout] 
[INFO] [stdout] 
[INFO] [stdout] For more information about this error, try `rustc --explain E0433`.
[INFO] [stdout] 
[INFO] [stdout] error[E0698]: type inside `async fn` body must be known in this context
[INFO] [stdout]   --> examples/linked.rs:16:14
[INFO] [stdout]    |
[INFO] [stdout] 16 |         .gas(4_712_388.into())
[INFO] [stdout]    |              ^^^^^^^^^ cannot infer type for type `{integer}`
[INFO] [stdout]    |
[INFO] [stdout] note: the type is part of the `async fn` body because of this `await`
[INFO] [stdout]   --> examples/linked.rs:15:19
[INFO] [stdout]    |
[INFO] [stdout] 15 |       let library = SimpleLibrary::builder(&web3)
[INFO] [stdout]    |  ___________________^
[INFO] [stdout] 16 | |         .gas(4_712_388.into())
[INFO] [stdout] 17 | |         .deploy()
[INFO] [stdout] 18 | |         .await
[INFO] [stdout]    | |______________^
[INFO] [stdout] 
[INFO] [stdout] 
[INFO] [stdout] error[E0698]: type inside `async fn` body must be known in this context
[INFO] [stdout]   --> examples/linked.rs:25:9
[INFO] [stdout]    |
[INFO] [stdout] 25 |         1337.into(),
[INFO] [stdout]    |         ^^^^ cannot infer type for type `{integer}`
[INFO] [stdout]    |
[INFO] [stdout] note: the type is part of the `async fn` body because of this `await`
[INFO] [stdout]   --> examples/linked.rs:20:20
[INFO] [stdout]    |
[INFO] [stdout] 20 |       let instance = LinkedContract::builder(
[INFO] [stdout]    |  ____________________^
[INFO] [stdout] 21 | |         &web3,
[INFO] [stdout] 22 | |         linked_contract::Libraries {
[INFO] [stdout] 23 | |             simple_library: library.address(),
[INFO] [stdout] ...  |
[INFO] [stdout] 28 | |     .deploy()
[INFO] [stdout] 29 | |     .await
[INFO] [stdout]    | |__________^
[INFO] [stdout] 
[INFO] [stdout] 
[INFO] [stdout] error[E0698]: type inside `async fn` body must be known in this context
[INFO] [stdout]   --> examples/linked.rs:27:10
[INFO] [stdout]    |
[INFO] [stdout] 27 |     .gas(4_712_388.into())
[INFO] [stdout]    |          ^^^^^^^^^ cannot infer type for type `{integer}`
[INFO] [stdout]    |
[INFO] [stdout] note: the type is part of the `async fn` body because of this `await`
[INFO] [stdout]   --> examples/linked.rs:20:20
[INFO] [stdout]    |
[INFO] [stdout] 20 |       let instance = LinkedContract::builder(
[INFO] [stdout]    |  ____________________^
[INFO] [stdout] 21 | |         &web3,
[INFO] [stdout] 22 | |         linked_contract::Libraries {
[INFO] [stdout] 23 | |             simple_library: library.address(),
[INFO] [stdout] ...  |
[INFO] [stdout] 28 | |     .deploy()
[INFO] [stdout] 29 | |     .await
[INFO] [stdout]    | |__________^
[INFO] [stdout] 
[INFO] [stdout] 
[INFO] [stdout] error[E0698]: type inside `async fn` body must be known in this context
[INFO] [stdout]   --> examples/overloaded.rs:20:14
[INFO] [stdout]    |
[INFO] [stdout] 20 |         .gas(4_712_388.into())
[INFO] [stdout]    |              ^^^^^^^^^ cannot infer type for type `{integer}`
[INFO] [stdout]    |
[INFO] [stdout] note: the type is part of the `async fn` body because of this `await`
[INFO] [stdout]   --> examples/overloaded.rs:19:20
[INFO] [stdout]    |
[INFO] [stdout] 19 |       let instance = OverloadedMethods::builder(&web3)
[INFO] [stdout]    |  ____________________^
[INFO] [stdout] 20 | |         .gas(4_712_388.into())
[INFO] [stdout] 21 | |         .deploy()
[INFO] [stdout] 22 | |         .await
[INFO] [stdout]    | |______________^
[INFO] [stdout] 
[INFO] [stdout] 
[INFO] [stdout] error[E0698]: type inside `async fn` body must be known in this context
[INFO] [stdout]   --> examples/overloaded.rs:29:24
[INFO] [stdout]    |
[INFO] [stdout] 29 |             .get_value(84.into())
[INFO] [stdout]    |                        ^^ cannot infer type for type `{integer}`
[INFO] [stdout]    |
[INFO] [stdout] note: the type is part of the `async fn` body because of this `await`
[INFO] [stdout]   --> examples/overloaded.rs:28:9
[INFO] [stdout]    |
[INFO] [stdout] 28 | /         instance
[INFO] [stdout] 29 | |             .get_value(84.into())
[INFO] [stdout] 30 | |             .call()
[INFO] [stdout] 31 | |             .await
[INFO] [stdout]    | |__________________^
[INFO] [stdout] 
[INFO] [stdout] 
[INFO] [stdout] error[E0698]: type inside `async fn` body must be known in this context
[INFO] [stdout]   --> examples/rinkeby.rs:54:24
[INFO] [stdout]    |
[INFO] [stdout] 54 |         .confirmations(1) // wait for 1 block confirmation
[INFO] [stdout]    |                        ^ cannot infer type for type `{integer}`
[INFO] [stdout]    |
[INFO] [stdout] note: the type is part of the `async fn` body because of this `await`
[INFO] [stdout]   --> examples/rinkeby.rs:52:5
[INFO] [stdout]    |
[INFO] [stdout] 52 | /     instance
[INFO] [stdout] 53 | |         .increment()
[INFO] [stdout] 54 | |         .confirmations(1) // wait for 1 block confirmation
[INFO] [stdout] 55 | |         .send()
[INFO] [stdout] 56 | |         .await
[INFO] [stdout]    | |______________^
[INFO] [stdout] 
[INFO] [stdout] 
[INFO] [stdout] error[E0698]: type inside `async fn` body must be known in this context
[INFO] [stdout]   --> examples/abi.rs:16:14
[INFO] [stdout]    |
[INFO] [stdout] 16 |         .gas(4_712_388.into())
[INFO] [stdout]    |              ^^^^^^^^^ cannot infer type for type `{integer}`
[INFO] [stdout]    |
[INFO] [stdout] note: the type is part of the `async fn` body because of this `await`
[INFO] [stdout]   --> examples/abi.rs:15:20
[INFO] [stdout]    |
[INFO] [stdout] 15 |       let instance = AbiTypes::builder(&web3)
[INFO] [stdout]    |  ____________________^
[INFO] [stdout] 16 | |         .gas(4_712_388.into())
[INFO] [stdout] 17 | |         .deploy()
[INFO] [stdout] 18 | |         .await
[INFO] [stdout]    | |______________^
[INFO] [stdout] 
[INFO] [stdout] 
[INFO] [stdout] error: aborting due to 8 previous errors
[INFO] [stdout] 
[INFO] [stdout] 
[INFO] [stdout] Some errors have detailed explanations: E0433, E0698.
[INFO] [stdout] 
[INFO] [stdout] For more information about an error, try `rustc --explain E0433`.
[INFO] [stdout] 
[INFO] [stdout] error: aborting due to 4 previous errors
[INFO] [stdout] 
[INFO] [stdout] 
[INFO] [stdout] For more information about this error, try `rustc --explain E0433`.
[INFO] [stdout] 
[INFO] [stdout] error[E0698]: type inside `async fn` body must be known in this context
[INFO] [stdout]   --> examples/async.rs:24:14
[INFO] [stdout]    |
[INFO] [stdout] 24 |         .gas(4_712_388.into())
[INFO] [stdout]    |              ^^^^^^^^^ cannot infer type for type `{integer}`
[INFO] [stdout]    |
[INFO] [stdout] note: the type is part of the `async fn` body because of this `await`
[INFO] [stdout]   --> examples/async.rs:23:20
[INFO] [stdout]    |
[INFO] [stdout] 23 |       let instance = RustCoin::builder(&web3)
[INFO] [stdout]    |  ____________________^
[INFO] [stdout] 24 | |         .gas(4_712_388.into())
[INFO] [stdout] 25 | |         .deploy()
[INFO] [stdout] 26 | |         .await
[INFO] [stdout]    | |______________^
[INFO] [stdout] 
[INFO] [stdout] 
[INFO] [stdout] error[E0698]: type inside `async fn` body must be known in this context
[INFO] [stdout]   --> examples/async.rs:32:32
[INFO] [stdout]    |
[INFO] [stdout] 32 |         .transfer(accounts[1], 1_000_000.into())
[INFO] [stdout]    |                                ^^^^^^^^^ cannot infer type for type `{integer}`
[INFO] [stdout]    |
[INFO] [stdout] note: the type is part of the `async fn` body because of this `await`
[INFO] [stdout]   --> examples/async.rs:31:5
[INFO] [stdout]    |
[INFO] [stdout] 31 | /     instance
[INFO] [stdout] 32 | |         .transfer(accounts[1], 1_000_000.into())
[INFO] [stdout] 33 | |         .send()
[INFO] [stdout] 34 | |         .await
[INFO] [stdout]    | |______________^
[INFO] [stdout] 
[INFO] [stdout] 
[INFO] [stdout] error[E0698]: type inside `async fn` body must be known in this context
[INFO] [stdout]   --> examples/async.rs:37:32
[INFO] [stdout]    |
[INFO] [stdout] 37 |         .transfer(accounts[2], 500_000.into())
[INFO] [stdout]    |                                ^^^^^^^ cannot infer type for type `{integer}`
[INFO] [stdout]    |
[INFO] [stdout] note: the type is part of the `async fn` body because of this `await`
[INFO] [stdout]   --> examples/async.rs:36:5
[INFO] [stdout]    |
[INFO] [stdout] 36 | /     instance
[INFO] [stdout] 37 | |         .transfer(accounts[2], 500_000.into())
[INFO] [stdout] 38 | |         .from(Account::Local(accounts[1], None))
[INFO] [stdout] 39 | |         .send()
[INFO] [stdout] 40 | |         .await
[INFO] [stdout]    | |______________^
[INFO] [stdout] 
[INFO] [stdout] 
[INFO] [stdout] error[E0698]: type inside `async fn` body must be known in this context
[INFO] [stdout]   --> examples/async.rs:69:22
[INFO] [stdout]    |
[INFO] [stdout] 69 |         .transfer(x, 1_000_000.into())
[INFO] [stdout]    |                      ^^^^^^^^^ cannot infer type for type `{integer}`
[INFO] [stdout]    |
[INFO] [stdout] note: the type is part of the `async fn` body because of this `await`
[INFO] [stdout]   --> examples/async.rs:68:5
[INFO] [stdout]    |
[INFO] [stdout] 68 | /     instance
[INFO] [stdout] 69 | |         .transfer(x, 1_000_000.into())
[INFO] [stdout] 70 | |         .send()
[INFO] [stdout] 71 | |         .await
[INFO] [stdout]    | |______________^
[INFO] [stdout] 
[INFO] [stdout] 
[INFO] [stdout] error[E0698]: type inside `async fn` body must be known in this context
[INFO] [stdout]   --> examples/async.rs:74:32
[INFO] [stdout]    |
[INFO] [stdout] 74 |         .transfer(accounts[4], 420.into())
[INFO] [stdout]    |                                ^^^ cannot infer type for type `{integer}`
[INFO] [stdout]    |
[INFO] [stdout] note: the type is part of the `async fn` body because of this `await`
[INFO] [stdout]   --> examples/async.rs:73:5
[INFO] [stdout]    |
[INFO] [stdout] 73 | /     instance
[INFO] [stdout] 74 | |         .transfer(accounts[4], 420.into())
[INFO] [stdout] 75 | |         .from(Account::Offline(key, None))
[INFO] [stdout] 76 | |         .send()
[INFO] [stdout] 77 | |         .await
[INFO] [stdout]    | |______________^
[INFO] [stdout] 
[INFO] [stdout] 
[INFO] [stdout] error: aborting due to 3 previous errors
[INFO] [stdout] 
[INFO] [stdout] 
[INFO] [stdout] Some errors have detailed explanations: E0433, E0698.
[INFO] [stdout] 
[INFO] [stdout] For more information about an error, try `rustc --explain E0433`.
[INFO] [stdout] 
[INFO] [stdout] error: aborting due to 4 previous errors
[INFO] [stdout] 
[INFO] [stdout] 
[INFO] [stdout] Some errors have detailed explanations: E0433, E0698.
[INFO] [stdout] 
[INFO] [stdout] For more information about an error, try `rustc --explain E0433`.
[INFO] [stdout] 
[INFO] [stdout] error: aborting due to 8 previous errors
[INFO] [stdout] 
[INFO] [stdout] 
[INFO] [stdout] Some errors have detailed explanations: E0412, E0433, E0698.
[INFO] [stdout] 
[INFO] [stdout] For more information about an error, try `rustc --explain E0412`.
[INFO] [stdout] 
[INFO] [stdout] error[E0698]: type inside `async fn` body must be known in this context
[INFO] [stdout]   --> examples/abi.rs:89:14
[INFO] [stdout]    |
[INFO] [stdout] 89 |         .gas(4_712_388.into())
[INFO] [stdout]    |              ^^^^^^^^^ cannot infer type for type `{integer}`
[INFO] [stdout]    |
[INFO] [stdout] note: the type is part of the `async fn` body because of this `await`
[INFO] [stdout]   --> examples/abi.rs:86:5
[INFO] [stdout]    |
[INFO] [stdout] 86 | /     instance
[INFO] [stdout] 87 | |         .emit_values()
[INFO] [stdout] 88 | |         // NOTE: Gas estimation seems to not work for this call.
[INFO] [stdout] 89 | |         .gas(4_712_388.into())
[INFO] [stdout] 90 | |         .send()
[INFO] [stdout] 91 | |         .await
[INFO] [stdout]    | |______________^
[INFO] [stdout] 
[INFO] [stdout] 
[INFO] [stdout] error: aborting due to 7 previous errors
[INFO] [stdout] 
[INFO] [stdout] 
[INFO] [stdout] Some errors have detailed explanations: E0412, E0433, E0698.
[INFO] [stdout] 
[INFO] [stdout] For more information about an error, try `rustc --explain E0412`.
[INFO] [stdout] 
[INFO] [stderr] error: build failed
[INFO] running `Command { std: "docker" "inspect" "dd6cd25787ab181696a6937f6d2714c57b53516f4eea1798a533c74d6b7dc264", kill_on_drop: false }`
[INFO] running `Command { std: "docker" "rm" "-f" "dd6cd25787ab181696a6937f6d2714c57b53516f4eea1798a533c74d6b7dc264", kill_on_drop: false }`
[INFO] [stdout] dd6cd25787ab181696a6937f6d2714c57b53516f4eea1798a533c74d6b7dc264
